4 + -4)) is divided by k(-7)?
65
Let n(x) = x**2 - 29*x + 34. Let o be n(28). Suppose 12*p = -o*p + 414. Calculate the remainder when 73 is divided by p.
4
Suppose 0 = 2*u - 9 + 1. Suppose -5*z + b + 487 = -2*b, 269 = 3*z + 4*b. Calculate the remainder when z is divided by u.
3
Let c be (2366/35)/(10/50). Let p = c - 155. What is the remainder when p is divided by 33?
18
Let z be (-1)/((-1)/(-1)) + 3. Suppose -2*u - 4*g + 36 = 0, z*u = 3*u - 2*g - 10. Let n = 394 + -327. What is the remainder when n is divided by u?
11
Let k(h) = 144*h + 869. Calculate the remainder when 713 is divided by k(-6).
3
Suppose 2*u = 243 + 1027. Suppose 33*w - 41*w + 176 = 0. Calculate the remainder when u is divided by w.
19
Let l be 15/(-6)*(-28)/(-70). What is the remainder when (-54 - -55)/((l/(-127))/1) is divided by 26?
23
Let h be (-7 - (-352 + -5)) + 6. Let n = h + -333. Let d = 7 + -4. Calculate the remainder when n is divided by d.
2
Suppose -18567*f + 15477 = -18546*f. What is the remainder when f is divided by 68?
57
Suppose -5*g - 5*x + 5245 = 0, -16*g + 12*g = 3*x - 4201. What is the remainder when g is divided by 4?
2
Suppose -133 = 2*p + 2*o - 45, -5*p - 4*o = 216. What is the remainder when -3 + 72 + p/(-10) is divided by 27?
19
Calculate the remainder when (181/(-4))/(3/(-12)) is divided by (-9)/(189/98)*((-171)/63 - -1).
5
Let q = 14571 + -14268. Calculate the remainder when 1807 is divided by q.
292
Suppose 6*o + 521 = 4*i + 2219, -3*i + 4*o - 1274 = 0. Let c = i - -442. What is the remainder when 19 is divided by c?
3
Let m = 11160 - 11126. What is the remainder when 2020 is divided by m?
14
Suppose -2*o - 3*l + 190 = 0, 0 = -35*o + 34*o + 7*l + 78. What is the remainder when o is divided by 18?
2
Suppose 0 = 183*i - 180*i - 15. Suppose 4*m + 1 = 3*m, f = -i*m + 21. Calculate the remainder when 90 is divided by f.
12
Suppose 585*r - 15120 = -2455 + 8395. Suppose 0 = -2*v - 5*j + 69, 0 = 3*v + 5*j - 73 - 43. Calculate the remainder when v is divided by r.
11
Let k be 387/5 - (4 - (-72)/(-20)). Let z = -65 + k. What is the remainder when 37 is divided by z?
1
Let x = 5209 - 5186. What is the remainder when 413 is divided by x?
22
What is the remainder when (-171)/(-627) - ((-413124)/(-33))/(-4) is divided by 98?
92
Suppose -5*h + 2*x = -92, -x - 5 = 4*x. Suppose -l - h = -f, -l = -f + 2*l + 16. What is the remainder when f is divided by 5?
4
Let v = -1 - -3. Let x(k) = 2*k**2 + 14*k + 3. Calculate the remainder when x(0) is divided by v.
1
Let z(c) = 28*c**2 - 5*c + 3. Calculate the remainder when z(5) is divided by 72 + (-59 + 32 - 5).
38
Let m = 56 - 34. Let j be ((-2 - 5/(-2)) + 0)*-4. Let y(p) = -9*p**3 - 3*p**2 - 2*p. Calculate the remainder when y(j) is divided by m.
20
Suppose 0 = -5*x - 8*y + 39, 2*x = -x + 2*y + 3. Calculate the remainder when 640 is divided by x.
1
Suppose 85*l - 54657 = -22187. Let c = 27 - -21. Calculate the remainder when l is divided by c.
46
Let t = 6648 + -6488. What is the remainder when t is divided by 18?
16
Let y(x) = 2*x**3 - 360. Let w be y(0). Let d = w + 674. What is the remainder when d is divided by 80?
74
Let d(y) = 72*y**2 + 808*y + 99. Calculate the remainder when d(-12) is divided by 126.
15
Suppose 0 = 2*a - 4, -6*v + 2*v - 3*a = -134. Suppose -2*g + v = 2. What is the remainder when g is divided by 8?
7
Let l(p) = p**2 - 30*p + 124. Let s(o) = 75*o**2 + o + 1. Suppose t + 3*t + 5 = -m, 4*m = 5*t + 1. What is the remainder when s(m) is divided by l(4)?
15
Let r(u) = -8*u**3 + 5*u**2 + 4*u - 16. Let b be r(-5). Let a = -651 + b. Calculate the remainder when a is divided by 11.
9
Let q(f) = f**3 + 22*f**2 + 24*f + 25. What is the remainder when q(-20) is divided by 58?
55
Let s be (48 + 0)/6 + -18. What is the remainder when (s - -5) + 0 + 149 is divided by 38?
30
Suppose 5*c + t = 5368, 0 = -2*c - 21*t + 24*t + 2137. Calculate the remainder when c is divided by 354.
11
Suppose 4*h = 5*h - 2. What is the remainder when 35 is divided by (-2)/32*h - 2482/(-272)?
8
Calculate the remainder when (3260/16)/(90/504) is divided by 138.
37
Let l = 15035 + -14660. What is the remainder when l is divided by 13?
11
Let t = 29406 + -29347. What is the remainder when 1348 is divided by t?
50
Let u = 27271 + -26163. Calculate the remainder when u is divided by 65.
3
Let w(b) = -b**3 - 6*b**2 - 4*b + 9. Suppose 0 = -r - q - 124, r + 157 = -2*q + 29. Let p = r - -115. Calculate the remainder when 7 is divided by w(p).
3
Let w(r) = -12*r + 108. Let n be w(8). Suppose 2142 = -6*i + n*i. What is the remainder when i is divided by 45?
42
Calculate the remainder when -15*120/45*152/(-10) is divided by 44.
36
Let a(s) = -2*s - 1. Let m be a(-7). Suppose 2*g = m - 5. Suppose -5*p = f - 120, 5*f + 36 = g*p - 60. Calculate the remainder when 67 is divided by p.
19
Suppose -9*c + 952 = 5*c. Let a = -41 + 46. Suppose 36 = -4*x + a*x. What is the remainder when c is divided by x?
32
Suppose -64 = -3*w - 3*p + 35, -5*w + 3*p = -125. Let i = -50 + 133. Calculate the remainder when i is divided by w.
27
Let p(n) = -n**3 - 15*n**2 + 15*n - 20. Let t be p(-16). Suppose 0 = 6*k - 0*k - 282. What is the remainder when k is divided by (t/5)/(4/(-120))?
23
Suppose -76*u - 63*u - 41*u = -134460. Calculate the remainder when u is divided by 25.
22
Suppose -k = 2*x + x + 14, 5*x - 2*k = -5. Suppose -4*g + 84 = -4*z, 4*g - 30 = z - 0*z. What is the remainder when 142 is divided by (-572)/(-24) + x/z?
22
Suppose 13*n - 65 = 0, z + 6 = -5*n + 34. Let t = 337 - 154. Suppose -3*x = 3*f - t, -z*f + 14 = -1. Calculate the remainder when 223 is divided by x.
55
Calculate the remainder when ((-20)/(-6))/2 + (-77618)/(-591) is divided by 116.
17
Let n be 4/(-18) + (-1155)/27. Let a = 48 + n. Calculate the remainder when 27/((-4)/40*-10) is divided by a.
2
Let j be ((-6)/(-4))/(3/30). Let h(v) = -17*v + 272. Let b be h(13). Suppose -3*r = -b - j. Calculate the remainder when 63 is divided by r.
19
Calculate the remainder when 1606 is divided by (4644/(-2808) - (-4)/26)/(3/(-104)).
46
Let c = -1 + 1. Let q be (-1 - 5)*(1 - 152/16). Suppose -3*a - 4*m + 67 = c, -3*a + 30 = -3*m - q. Calculate the remainder when a is divided by 14.
11
Let u(g) = -19*g**3 + g**2 - 1. Let o be u(-1). Suppose 4*x - 1173 = -o*x. Calculate the remainder when x is divided by 40.
11
Let c(l) = 3*l - 4. Let f = 20007 + -19885. Calculate the remainder when f is divided by c(6).
10
Let x = -157237 - -157251. Suppose -3*s - 1 = -16. Calculate the remainder when x is divided by s.
4
Let q(l) = l**3 + 6*l**2 + 7*l + 23. Let u(s) = s**3 + 5*s**2 + 7*s + 20. Let n(d) = 2*q(d) - 3*u(d). What is the remainder when n(-5) is divided by 22?
5
Calculate the remainder when 76/8*((38 - 0) + -4) is divided by 64.
3
Let t = -174 + 182. Suppose s - 22 = -23. What is the remainder when (-8)/t - (-130 - s) is divided by 45?
38
Suppose 0 = 74*b - 346*b + 41888. Calculate the remainder when 183 is divided by b.
29
Suppose -3 = k + 1. Suppose -40*a + 1204 = 86164. What is the remainder when (k/6)/(24/a) is divided by 15?
14
Suppose -9 - 33 = -3*h. Let x = 17 - h. Suppose -68 = -4*r + o - 5*o, x*r = 4*o + 30. What is the remainder when 41 is divided by r?
13
Suppose 2*f + 4 = d, -2*d - 309*f + 8 = -305*f. Calculate the remainder when 357 is divided by d.
1
Let w(r) = r**2 - 3*r - 434. What is the remainder when w(24) is divided by 7?
0
Let u = -1221 + 1887. Calculate the remainder when u is divided by 21.
15
Let g(u) = -2*u**2 - 10*u - 37. Let f be g(-4). Let p = 31 + -13. What is the remainder when (f/3)/((-16)/144) is divided by p?
15
What is the remainder when (-429 - 9/3)*-5*4/20 is divided by 117?
81
Suppose 2055 + 2827 = 299*q + 98. What is the remainder when 381 is divided by q?
13
Let v(m) = -2*m - 23. Let z = -11 - 10. Let h be v(z). Suppose -g = k - 24, 2*k = 3*g + h + 34. Calculate the remainder when 71 is divided by k.
21
Suppose 0 = v + 4, 3*c - 2199 = -v + 503. What is the remainder when c is divided by 13?
5
Let a be (-3 - -119)/(-2)*3*-11. Suppose 17*f = a + 1129. Let g = f + -142. What is the remainder when 69 is divided by g?
32
Let b be -4 - (2/(-7) + 1570/7). Let m = 383 + b. Suppose 21*o + m = 26*o. What is the remainder when 153 is divided by o?
29
Let g(y) = 5*y**2 - 5*y - 8. 